{"id":107,"date":"2014-09-30T17:42:51","date_gmt":"2014-09-30T15:42:51","guid":{"rendered":"http:\/\/herdwickzucht.de\/?page_id=107"},"modified":"2023-06-04T14:41:19","modified_gmt":"2023-06-04T12:41:19","slug":"bestand","status":"publish","type":"page","link":"https:\/\/herdwickzucht.de\/?page_id=107","title":{"rendered":"Bestand"},"content":{"rendered":"<p>Juni 2023- aktuell sieht unser Tierbestand wie folgt aus:<\/p>\n<p>8 Zuchtb\u00f6cke<\/p>\n<p>19 Nachwuchsb\u00f6cke<\/p>\n<p>35 Mutterschafe<\/p>\n<p>37 L\u00e4mmer aus 2023<\/p>\n","protected":false},"excerpt":{"rendered":"<p>Juni 2023- aktuell sieht unser Tierbestand wie folgt aus: 8 Zuchtb\u00f6cke 19 Nachwuchsb\u00f6cke 35 Mutterschafe 37 L\u00e4mmer aus 2023<\/p>\n","protected":false},"author":1,"featured_media":0,"parent":39,"menu_order":0,"comment_status":"closed","ping_status":"open","template":"","meta":{"footnotes":""},"_links":{"self":[{"href":"https:\/\/herdwickzucht.de\/index.php?rest_route=\/wp\/v2\/pages\/107"}],"collection":[{"href":"https:\/\/herdwickzucht.de\/index.php?rest_route=\/wp\/v2\/pages"}],"about":[{"href":"https:\/\/herdwickzucht.de\/index.php?rest_route=\/wp\/v2\/types\/page"}],"author":[{"embeddable":true,"href":"https:\/\/herdwickzucht.de\/index.php?rest_route=\/wp\/v2\/users\/1"}],"replies":[{"embeddable":true,"href":"https:\/\/herdwickzucht.de\/index.php?rest_route=%2Fwp%2Fv2%2Fcomments&post=107"}],"version-history":[{"count":31,"href":"https:\/\/herdwickzucht.de\/index.php?rest_route=\/wp\/v2\/pages\/107\/revisions"}],"predecessor-version":[{"id":2861,"href":"https:\/\/herdwickzucht.de\/index.php?rest_route=\/wp\/v2\/pages\/107\/revisions\/2861"}],"up":[{"embeddable":true,"href":"https:\/\/herdwickzucht.de\/index.php?rest_route=\/wp\/v2\/pages\/39"}],"wp:attachment":[{"href":"https:\/\/herdwickzucht.de\/index.php?rest_route=%2Fwp%2Fv2%2Fmedia&parent=107"}],"curies":[{"name":"wp","href":"https:\/\/api.w.org\/{rel}","templated":true}]}}