{"id":12,"date":"2014-09-30T11:01:52","date_gmt":"2014-09-30T09:01:52","guid":{"rendered":"http:\/\/herdwickzucht.de\/?page_id=12"},"modified":"2021-04-05T17:47:38","modified_gmt":"2021-04-05T15:47:38","slug":"ueber-uns-2","status":"publish","type":"page","link":"https:\/\/herdwickzucht.de\/?page_id=12","title":{"rendered":"\u00dcber uns"},"content":{"rendered":"<p><strong>Es gibt nichts Gutes, au\u00dfer man tut es.<\/strong><\/p>\n<p>Irgendwann haben wir beschlossen selbst Lebensmittel zu produzieren. Wir z\u00fcchten Schafe, halten H\u00fchner und seit Herbst 2020 auch ein paar Zwergrinder. Wir bauen den gr\u00f6\u00dften Teil unseres Bedarfs an Gem\u00fcse und Obst selbst an. Das Heu (erster Schnitt) f\u00fcr die Rinder und das Winterfutter (\u00d6hmd, zweiter Schnitt) f\u00fcr die Schafe stellen wir selbst her, um den Kreislauf zu gew\u00e4hrleisten.<\/p>\n<p>Wir sind verantwortlich f\u00fcr rund 100 Tiere, ca. 15 Hektar Weideland und rund 600 Obstb\u00e4ume.<\/p>\n<p>Aber ohne die Hilfe der Familie geht gar nichts. Vielen Dank.<\/p>\n<p>Angelika und Andreas Walz<\/p>\n<p>&nbsp;<\/p>\n<p>Apfelernte 2020:<\/p>\n<figure id=\"attachment_1821\" aria-describedby=\"caption-attachment-1821\" style=\"width: 285px\" class=\"wp-caption alignnone\"><a href=\"http:\/\/herdwickzucht.de\/wp-content\/uploads\/2020\/10\/20200920_124442-scaled-e1604261043307.jpg\"><img loading=\"lazy\" decoding=\"async\" class=\"wp-image-1821 size-medium\" src=\"http:\/\/herdwickzucht.de\/wp-content\/uploads\/2020\/10\/20200920_124442-scaled-e1604261043307-285x300.jpg\" alt=\"\" width=\"285\" height=\"300\" srcset=\"https:\/\/herdwickzucht.de\/wp-content\/uploads\/2020\/10\/20200920_124442-scaled-e1604261043307-285x300.jpg 285w, https:\/\/herdwickzucht.de\/wp-content\/uploads\/2020\/10\/20200920_124442-scaled-e1604261043307-973x1024.jpg 973w, https:\/\/herdwickzucht.de\/wp-content\/uploads\/2020\/10\/20200920_124442-scaled-e1604261043307-768x809.jpg 768w, https:\/\/herdwickzucht.de\/wp-content\/uploads\/2020\/10\/20200920_124442-scaled-e1604261043307.jpg 1440w\" sizes=\"(max-width: 285px) 100vw, 285px\" \/><\/a><figcaption id=\"caption-attachment-1821\" class=\"wp-caption-text\">ein P\u00e4uschen muss auch mal sein<\/figcaption><\/figure>\n<figure id=\"attachment_1822\" aria-describedby=\"caption-attachment-1822\" style=\"width: 281px\" class=\"wp-caption alignnone\"><a href=\"http:\/\/herdwickzucht.de\/wp-content\/uploads\/2020\/10\/20200921_173703-scaled-e1604261212250.jpg\"><img loading=\"lazy\" decoding=\"async\" class=\"wp-image-1822 size-medium\" src=\"http:\/\/herdwickzucht.de\/wp-content\/uploads\/2020\/10\/20200921_173703-scaled-e1604261212250-281x300.jpg\" alt=\"\" width=\"281\" height=\"300\" srcset=\"https:\/\/herdwickzucht.de\/wp-content\/uploads\/2020\/10\/20200921_173703-scaled-e1604261212250-281x300.jpg 281w, https:\/\/herdwickzucht.de\/wp-content\/uploads\/2020\/10\/20200921_173703-scaled-e1604261212250-957x1024.jpg 957w, https:\/\/herdwickzucht.de\/wp-content\/uploads\/2020\/10\/20200921_173703-scaled-e1604261212250-768x821.jpg 768w, https:\/\/herdwickzucht.de\/wp-content\/uploads\/2020\/10\/20200921_173703-scaled-e1604261212250-1436x1536.jpg 1436w, https:\/\/herdwickzucht.de\/wp-content\/uploads\/2020\/10\/20200921_173703-scaled-e1604261212250.jpg 1439w\" sizes=\"(max-width: 281px) 100vw, 281px\" \/><\/a><figcaption id=\"caption-attachment-1822\" class=\"wp-caption-text\">ein Teil der Ernte<\/figcaption><\/figure>\n<figure id=\"attachment_1823\" aria-describedby=\"caption-attachment-1823\" style=\"width: 284px\" class=\"wp-caption alignnone\"><a href=\"http:\/\/herdwickzucht.de\/wp-content\/uploads\/2020\/10\/20200923_172150-scaled-e1604261171374.jpg\"><img loading=\"lazy\" decoding=\"async\" class=\"wp-image-1823 size-medium\" src=\"http:\/\/herdwickzucht.de\/wp-content\/uploads\/2020\/10\/20200923_172150-scaled-e1604261171374-284x300.jpg\" alt=\"\" width=\"284\" height=\"300\" srcset=\"https:\/\/herdwickzucht.de\/wp-content\/uploads\/2020\/10\/20200923_172150-scaled-e1604261171374-284x300.jpg 284w, https:\/\/herdwickzucht.de\/wp-content\/uploads\/2020\/10\/20200923_172150-scaled-e1604261171374-968x1024.jpg 968w, https:\/\/herdwickzucht.de\/wp-content\/uploads\/2020\/10\/20200923_172150-scaled-e1604261171374-768x812.jpg 768w, https:\/\/herdwickzucht.de\/wp-content\/uploads\/2020\/10\/20200923_172150-scaled-e1604261171374.jpg 1440w\" sizes=\"(max-width: 284px) 100vw, 284px\" \/><\/a><figcaption id=\"caption-attachment-1823\" class=\"wp-caption-text\">sooooo viel eigener Apfelsaft- SUPER!<\/figcaption><\/figure>\n<p>&nbsp;<\/p>\n<p>&nbsp;<\/p>\n<p>&nbsp;<\/p>\n","protected":false},"excerpt":{"rendered":"<p>Es gibt nichts Gutes, au\u00dfer man tut es. Irgendwann haben wir beschlossen selbst Lebensmittel zu produzieren. Wir z\u00fcchten Schafe, halten H\u00fchner und seit Herbst 2020 auch ein paar Zwergrinder. Wir bauen den gr\u00f6\u00dften Teil unseres Bedarfs an Gem\u00fcse und Obst selbst an. Das Heu (erster Schnitt) f\u00fcr die Rinder und das Winterfutter (\u00d6hmd, zweiter Schnitt) &hellip; <a href=\"https:\/\/herdwickzucht.de\/?page_id=12\" class=\"more-link\"><span class=\"screen-reader-text\">\u00dcber uns<\/span> weiterlesen <span class=\"meta-nav\">&rarr;<\/span><\/a><\/p>\n","protected":false},"author":1,"featured_media":0,"parent":0,"menu_order":0,"comment_status":"closed","ping_status":"closed","template":"page-templates\/full-width.php","meta":{"footnotes":""},"_links":{"self":[{"href":"https:\/\/herdwickzucht.de\/index.php?rest_route=\/wp\/v2\/pages\/12"}],"collection":[{"href":"https:\/\/herdwickzucht.de\/index.php?rest_route=\/wp\/v2\/pages"}],"about":[{"href":"https:\/\/herdwickzucht.de\/index.php?rest_route=\/wp\/v2\/types\/page"}],"author":[{"embeddable":true,"href":"https:\/\/herdwickzucht.de\/index.php?rest_route=\/wp\/v2\/users\/1"}],"replies":[{"embeddable":true,"href":"https:\/\/herdwickzucht.de\/index.php?rest_route=%2Fwp%2Fv2%2Fcomments&post=12"}],"version-history":[{"count":13,"href":"https:\/\/herdwickzucht.de\/index.php?rest_route=\/wp\/v2\/pages\/12\/revisions"}],"predecessor-version":[{"id":2262,"href":"https:\/\/herdwickzucht.de\/index.php?rest_route=\/wp\/v2\/pages\/12\/revisions\/2262"}],"wp:attachment":[{"href":"https:\/\/herdwickzucht.de\/index.php?rest_route=%2Fwp%2Fv2%2Fmedia&parent=12"}],"curies":[{"name":"wp","href":"https:\/\/api.w.org\/{rel}","templated":true}]}}